{"id":2892,"date":"2023-09-08T21:36:08","date_gmt":"2023-09-08T19:36:08","guid":{"rendered":"http:\/\/www.parafiabrzezinka.eu\/test3\/?page_id=2892"},"modified":"2023-09-08T21:42:06","modified_gmt":"2023-09-08T19:42:06","slug":"bierzmowanie","status":"publish","type":"page","link":"https:\/\/www.parafiabrzezinka.eu\/test3\/bierzmowanie\/","title":{"rendered":"Bierzmowanie"},"content":{"rendered":"\t\t<div data-elementor-type=\"wp-page\" data-elementor-id=\"2892\" class=\"elementor elementor-2892\">\n\t\t\t\t\t\t<section class=\"elementor-section elementor-top-section elementor-element elementor-element-b0a0545 elementor-section-content-middle elementor-section-boxed elementor-section-height-default elementor-section-height-default\" data-id=\"b0a0545\" data-element_type=\"section\" data-settings=\"{&quot;background_background&quot;:&quot;classic&quot;,&quot;shape_divider_bottom&quot;:&quot;waves&quot;}\">\n\t\t\t\t\t\t\t<div class=\"elementor-background-overlay\"><\/div>\n\t\t\t\t\t\t<div class=\"elementor-shape elementor-shape-bottom\" data-negative=\"false\">\n\t\t\t<svg xmlns=\"http:\/\/www.w3.org\/2000\/svg\" viewBox=\"0 0 1000 100\" preserveAspectRatio=\"none\">\n\t<path class=\"elementor-shape-fill\" d=\"M421.9,6.5c22.6-2.5,51.5,0.4,75.5,5.3c23.6,4.9,70.9,23.5,100.5,35.7c75.8,32.2,133.7,44.5,192.6,49.7\n\tc23.6,2.1,48.7,3.5,103.4-2.5c54.7-6,106.2-25.6,106.2-25.6V0H0v30.3c0,0,72,32.6,158.4,30.5c39.2-0.7,92.8-6.7,134-22.4\n\tc21.2-8.1,52.2-18.2,79.7-24.2C399.3,7.9,411.6,7.5,421.9,6.5z\"\/>\n<\/svg>\t\t<\/div>\n\t\t\t\t\t<div class=\"elementor-container elementor-column-gap-default\">\n\t\t\t\t\t<div class=\"elementor-column elementor-col-100 elementor-top-column elementor-element elementor-element-f425715\" data-id=\"f425715\" data-element_type=\"column\">\n\t\t\t<div class=\"elementor-widget-wrap elementor-element-populated\">\n\t\t\t\t\t\t<div class=\"elementor-element elementor-element-b496f9e elementor-widget elementor-widget-heading\" data-id=\"b496f9e\" data-element_type=\"widget\" data-widget_type=\"heading.default\">\n\t\t\t\t<div class=\"elementor-widget-container\">\n\t\t\t\t\t<h1 class=\"elementor-heading-title elementor-size-default\">BIERZMOWANIE<\/h1>\t\t\t\t<\/div>\n\t\t\t\t<\/div>\n\t\t\t\t\t<\/div>\n\t\t<\/div>\n\t\t\t\t\t<\/div>\n\t\t<\/section>\n\t\t\t\t<section class=\"elementor-section elementor-top-section elementor-element elementor-element-2a0bcdf elementor-section-boxed elementor-section-height-default elementor-section-height-default\" data-id=\"2a0bcdf\" data-element_type=\"section\">\n\t\t\t\t\t\t<div class=\"elementor-container elementor-column-gap-default\">\n\t\t\t\t\t<div class=\"elementor-column elementor-col-100 elementor-top-column elementor-element elementor-element-e4ebc1a\" data-id=\"e4ebc1a\" data-element_type=\"column\">\n\t\t\t<div class=\"elementor-widget-wrap elementor-element-populated\">\n\t\t\t\t\t\t<div class=\"elementor-element elementor-element-76f1de4 elementor-widget elementor-widget-text-editor\" data-id=\"76f1de4\" data-element_type=\"widget\" data-widget_type=\"text-editor.default\">\n\t\t\t\t<div class=\"elementor-widget-container\">\n\t\t\t\t\t\t\t\t\t<p><strong>Sakrament bierzmowania\u00a0<\/strong>jest jednym z sakrament\u00f3w wtajemniczenia chrze\u015bcija\u0144skiego. Z tego powodu przygotowanie do bierzmowania powinno uwzgl\u0119dnia\u0107 jedno\u015b\u0107 z sakramentami chrztu i Eucharystii (OB 1; KKK 1285). Sakrament bierzmowania jest bowiem koniecznym dope\u0142nieniem sakramentu chrztu (LG 11; OB 2, KKK 1285). Ka\u017cdy ochrzczony mo\u017ce i powinien przyj\u0105\u0107 ten sakrament, gdy\u017c bez niego wtajemniczenie chrze\u015bcija\u0144skie pozostaje niedope\u0142nione (por. KKK 1306).<\/p><p>Przygotowanie do\u00a0bierzmowania sk\u0142ada si\u0119 z\u00a0trzech etap\u00f3w: przygotowania dalszego, bli\u017cszego i\u00a0bezpo\u015bredniego.<\/p><p>a)\u00a0\u00a0\u00a0 Przygotowanie dalsze dokonuje si\u0119 od\u00a0wczesnego dzieci\u0144stwa w\u00a0rodzinie, nast\u0119pnie poprzez udzia\u0142 w\u00a0lekcjach religii (katechezie) w\u00a0szkole a\u00a0tak\u017ce w\u00a0katechezie parafialnej przygotowuj\u0105cej do\u00a0sakrament\u00f3w pokuty i\u00a0pojednania oraz\u00a0Eucharystii.<\/p><p>b)\u00a0\u00a0\u00a0 Wa\u017cnym etapem przygotowania bli\u017cszego jest udzia\u0142 w\u00a0nauczaniu religii (katechezie szkolnej) oraz\u00a0w\u00a0katechezie parafialnej. Kandydat do\u00a0bierzmowania powinien zatem regularnie ucz\u0119szcza\u0107 na\u00a0lekcje religii w\u00a0szkole lub w\u00a0innym \u015brodowisku, w\u00a0kt\u00f3rym\u00a0pobiera nauk\u0119, a\u00a0tak\u017ce uczestniczy\u0107 w\u00a0\u017cyciu Ko\u015bcio\u0142a przez\u00a0udzia\u0142 niedzielnej i\u00a0\u015bwi\u0105tecznej Mszy \u015bw.\u00a0oraz\u00a0w\u00a0nabo\u017ce\u0144stwach. Duszpasterz odpowiedzialny za\u00a0przygotowanie bezpo\u015brednie powinien mie\u0107 przekonanie, \u017ce\u00a0ka\u017cdy kandydat spe\u0142nia te warunki. W\u00a0sytuacjach w\u0105tpliwych nale\u017cy uzyska\u0107 stosown\u0105 opini\u0119 od\u00a0nauczyciela religii.<\/p><p>c)\u00a0\u00a0\u00a0 Przygotowanie bezpo\u015brednie dokonuje si\u0119 w\u00a0dalszym ci\u0105gu poprzez udzia\u0142 w\u00a0katechezie szkolnej i\u00a0parafialnej poprzedzaj\u0105cej przyj\u0119cie bierzmowania. Ten ostatni etap przygotowania bli\u017cszego powinien mie\u0107 jednak przede wszystkim charakter duchowy i\u00a0polega\u0107 na\u00a0udziale kandydata w\u00a0systematycznych spotkaniach formacyjnych w\u00a0parafii, celebracjach liturgicznych, a\u00a0tak\u017ce rekolekcjach lub dniach skupienia.\u00a0<strong>Optymalnym czasem trwania przygotowania bli\u017cszego i\u00a0bezpo\u015bredniego do\u00a0bierzmowania s\u0105 trzy lata (VI-VII-VIII klasa)<\/strong>.<\/p><p>d)\u00a0\u00a0\u00a0 Przyj\u0119cie sakramentu bierzmowania dokonuje si\u0119\u00a0<strong>najcz\u0119\u015bciej na zako\u0144czenie klasy VIII<\/strong>, jako wa\u017cne dope\u0142nienie edukacji na\u00a0etapie szko\u0142y podstawowej.<\/p><p>Uprzywilejowanym\u00a0<strong>miejscem przygotowania bli\u017cszego i bezpo\u015bredniego do sakramentu bierzmowania jest parafia zamieszkania<\/strong>. Na tym etapie rozwoju religijnego chodzi bowiem o w\u0142\u0105czenie kandydata w \u017cycie jego parafii . Z tego wzgl\u0119du nale\u017cy do\u0142o\u017cy\u0107 wszelkich stara\u0144, by ca\u0142a wsp\u00f3lnota parafialna uczestniczy\u0142a w przygotowaniu kandydata, g\u0142\u00f3wnie poprzez modlitewne towarzyszenie m\u0142odzie\u017cy i \u015bwiadectwo wiary.<\/p><p>Pe\u0142ny tekst dokumentu Konferencji Episkopatu Polski mo\u017cna znale\u017a\u0107 tutaj:<br \/><a href=\"https:\/\/episkopat.pl\/wskazania-konferencji-episkopatu-polski-dotyczace-przygotowania-do-przyjecia-sakramentu-bierzmowania\/\">episkopat.pl\/wskazania-konferencji-episkopatu-polski-dotyczace-przygotowania-do-przyjecia-sakramentu-bierzmowania\/<\/a><\/p><p><strong>II Synod Archidiecezji Katowickiej sugeruje jeszcze bardziej pog\u0142\u0119bion\u0105 formacj\u0119.<\/strong><\/p><p>Do\u00a0sakramentu bierzmowania przyst\u0119puje zasadniczo m\u0142odzie\u017c klas \u00f3smych (albo\u00a0trzecich klas gimnazjum). Cele katechetyczne przygotowania do\u00a0sakramentu bierzmowania okre\u015bla Program nauczania religii.<\/p><p>\u201eDroga bierzmowania\u201d obejmuje dwa integralnie powi\u0105zane ze\u00a0sob\u0105 okresy: trzyletnie przygotowanie do\u00a0bierzmowania w\u00a0klasach od\u00a0sz\u00f3stej do\u00a0\u00f3smej (albo\u00a0przez\u00a0ca\u0142y czas nauki w\u00a0gimnazjum); trzyletni\u0105 formacj\u0119 po\u00a0bierzmowaniu (szko\u0142a \u015brednia).<\/p><p>W\u00a0programie dzia\u0142a\u0144 duszpastersko-katechetycznych podejmowanych w\u00a0parafii w\u00a0ramach \u201edrogi bierzmowania\u201d dla obu wymienionych okres\u00f3w nale\u017cy uwzgl\u0119dni\u0107:<\/p><p><strong>jako formy podstawowe:<\/strong><br \/>\u2013 comiesi\u0119czn\u0105 Eucharysti\u0119 w\u00a0intencji kandydat\u00f3w oraz\u00a0tych, kt\u00f3rzy\u00a0przyj\u0119li ju\u017c sakrament bierzmowania; przed\u00a0msz\u0105 \u015bwi\u0119t\u0105 daje si\u0119 m\u0142odzie\u017cy okazj\u0119 do\u00a0przyj\u0119cia sakramentu pokuty i\u00a0pojednania;<br \/>\u2013 comiesi\u0119czne spotkania w\u00a0ma\u0142ych grupach pod\u00a0kierunkiem \u015bwieckich animator\u00f3w;<br \/>\u2013 celebracje liturgiczne, nabo\u017ce\u0144stwa i\u00a0tak\u00a0dalej;<br \/>\u2013 cykliczne spotkania z\u00a0rodzicami i\u00a0\u015bwiadkami bierzmowania;<br \/><strong>jako formy uzupe\u0142niaj\u0105ce:<\/strong><br \/>\u2013 prac\u0119 metod\u0105 projekt\u00f3w lub innymi metodami wyzwalaj\u0105cymi kreatywno\u015b\u0107 uczestnik\u00f3w;<br \/>\u2013 udzia\u0142 w\u00a0wolontariacie \u2013 zw\u0142aszcza zwi\u0105zanym z\u00a0dzia\u0142alno\u015bci\u0105 charytatywn\u0105 i\u00a0misyjn\u0105 Ko\u015bcio\u0142a;<br \/>\u2013 udzia\u0142 w\u00a0spotkaniach i\u00a0dzia\u0142aniach ko\u015bcielnych ruch\u00f3w i\u00a0stowarzysze\u0144 skupiaj\u0105cych m\u0142odzie\u017c;<br \/>\u2013 spotkania maj\u0105ce na\u00a0celu integracj\u0119 m\u0142odzie\u017cy i\u00a0tworzenie wsp\u00f3lnotowych wi\u0119z\u00f3w zar\u00f3wno mi\u0119dzy uczestnikami przygotowania, jak i\u00a0z\u00a0parafi\u0105;<br \/>\u2013 wyjazdy i\u00a0rekolekcje dla kandydat\u00f3w do\u00a0bierzmowania.<\/p><p>Warunkiem przyst\u0105pienia do\u00a0sakramentu bierzmowania jest uczestnictwo w\u00a0parafialnym przygotowaniu do\u00a0bierzmowania oraz\u00a0w\u00a0szkolnym nauczaniu religii przez\u00a0ca\u0142y okres przygotowania.<\/p><p>Decyzj\u0119 o\u00a0tym, czy\u00a0kandydat jest odpowiednio przygotowany do\u00a0przyj\u0119cia sakramentu bierzmowania,\u00a0<strong>podejmuje proboszcz<\/strong>\u00a0w\u00a0porozumieniu z\u00a0duszpasterzem odpowiedzialnym za\u00a0przygotowanie do\u00a0bierzmowania, nauczycielem religii w\u00a0szkole i\u00a0animatorami grup przygotowania do\u00a0bierzmowania.<\/p><p>Celebracja sakramentu bierzmowania powinna mie\u0107 miejsce w\u00a0parafii za-mieszkania kandydata, najlepiej w\u00a0okresie wielkanocnym.<\/p><p><strong><span style=\"color: red;\">Pragniemy, aby Duch \u015awi\u0119ty,<br \/>kt\u00f3rego\u00a0otrzymamy,<br \/>umocni\u0142 nas do\u00a0m\u0119\u017cnego wyznawania wiary<br \/>i\u00a0do\u00a0post\u0119powania wed\u0142ug jej zasad.<\/span><\/strong><\/p>\t\t\t\t\t\t\t\t<\/div>\n\t\t\t\t<\/div>\n\t\t\t\t\t<\/div>\n\t\t<\/div>\n\t\t\t\t\t<\/div>\n\t\t<\/section>\n\t\t\t\t<\/div>\n\t\t","protected":false},"excerpt":{"rendered":"<p>BIERZMOWANIE Sakrament bierzmowania\u00a0jest jednym z sakrament\u00f3w wtajemniczenia chrze\u015bcija\u0144skiego. Z tego powodu przygotowanie do bierzmowania powinno uwzgl\u0119dnia\u0107 jedno\u015b\u0107 z sakramentami chrztu i Eucharystii (OB 1; KKK 1285). Sakrament bierzmowania jest bowiem koniecznym dope\u0142nieniem sakramentu chrztu (LG 11; OB 2, KKK 1285). Ka\u017cdy ochrzczony mo\u017ce i powinien przyj\u0105\u0107 ten sakrament, gdy\u017c bez niego wtajemniczenie chrze\u015bcija\u0144skie pozostaje niedope\u0142nione [&hellip;]<\/p>\n","protected":false},"author":2,"featured_media":0,"parent":0,"menu_order":0,"comment_status":"closed","ping_status":"closed","template":"","meta":{"_uag_custom_page_level_css":"","site-sidebar-layout":"no-sidebar","site-content-layout":"page-builder","ast-site-content-layout":"full-width-container","site-content-style":"unboxed","site-sidebar-style":"unboxed","ast-global-header-display":"","ast-banner-title-visibility":"","ast-main-header-display":"","ast-hfb-above-header-display":"","ast-hfb-below-header-display":"","ast-hfb-mobile-header-display":"","site-post-title":"disabled","ast-breadcrumbs-content":"","ast-featured-img":"disabled","footer-sml-layout":"","ast-disable-related-posts":"","theme-transparent-header-meta":"","adv-header-id-meta":"","stick-header-meta":"","header-above-stick-meta":"","header-main-stick-meta":"","header-below-stick-meta":"","astra-migrate-meta-layouts":"set","ast-page-background-enabled":"default","ast-page-background-meta":{"desktop":{"background-color":"","background-image":"","background-repeat":"repeat","background-position":"center center","background-size":"auto","background-attachment":"scroll","background-type":"","background-media":"","overlay-type":"","overlay-color":"","overlay-opacity":"","overlay-gradient":""},"tablet":{"background-color":"","background-image":"","background-repeat":"repeat","background-position":"center center","background-size":"auto","background-attachment":"scroll","background-type":"","background-media":"","overlay-type":"","overlay-color":"","overlay-opacity":"","overlay-gradient":""},"mobile":{"background-color":"","background-image":"","background-repeat":"repeat","background-position":"center center","background-size":"auto","background-attachment":"scroll","background-type":"","background-media":"","overlay-type":"","overlay-color":"","overlay-opacity":"","overlay-gradient":""}},"ast-content-background-meta":{"desktop":{"background-color":"var(--ast-global-color-5)","background-image":"","background-repeat":"repeat","background-position":"center center","background-size":"auto","background-attachment":"scroll","background-type":"","background-media":"","overlay-type":"","overlay-color":"","overlay-opacity":"","overlay-gradient":""},"tablet":{"background-color":"var(--ast-global-color-5)","background-image":"","background-repeat":"repeat","background-position":"center center","background-size":"auto","background-attachment":"scroll","background-type":"","background-media":"","overlay-type":"","overlay-color":"","overlay-opacity":"","overlay-gradient":""},"mobile":{"background-color":"var(--ast-global-color-5)","background-image":"","background-repeat":"repeat","background-position":"center center","background-size":"auto","background-attachment":"scroll","background-type":"","background-media":"","overlay-type":"","overlay-color":"","overlay-opacity":"","overlay-gradient":""}},"footnotes":""},"uagb_featured_image_src":{"full":false,"thumbnail":false,"medium":false,"medium_large":false,"large":false,"1536x1536":false,"2048x2048":false},"uagb_author_info":{"display_name":"Andrzej Hoinkis","author_link":"https:\/\/www.parafiabrzezinka.eu\/test3\/author\/ahoinkis\/"},"uagb_comment_info":0,"uagb_excerpt":"BIERZMOWANIE Sakrament bierzmowania\u00a0jest jednym z sakrament\u00f3w wtajemniczenia chrze\u015bcija\u0144skiego. Z tego powodu przygotowanie do bierzmowania powinno uwzgl\u0119dnia\u0107 jedno\u015b\u0107 z sakramentami chrztu i Eucharystii (OB 1; KKK 1285). Sakrament bierzmowania jest bowiem koniecznym dope\u0142nieniem sakramentu chrztu (LG 11; OB 2, KKK 1285). Ka\u017cdy ochrzczony mo\u017ce i powinien przyj\u0105\u0107 ten sakrament, gdy\u017c bez niego wtajemniczenie chrze\u015bcija\u0144skie pozostaje niedope\u0142nione&hellip;","_links":{"self":[{"href":"https:\/\/www.parafiabrzezinka.eu\/test3\/wp-json\/wp\/v2\/pages\/2892"}],"collection":[{"href":"https:\/\/www.parafiabrzezinka.eu\/test3\/wp-json\/wp\/v2\/pages"}],"about":[{"href":"https:\/\/www.parafiabrzezinka.eu\/test3\/wp-json\/wp\/v2\/types\/page"}],"author":[{"embeddable":true,"href":"https:\/\/www.parafiabrzezinka.eu\/test3\/wp-json\/wp\/v2\/users\/2"}],"replies":[{"embeddable":true,"href":"https:\/\/www.parafiabrzezinka.eu\/test3\/wp-json\/wp\/v2\/comments?post=2892"}],"version-history":[{"count":4,"href":"https:\/\/www.parafiabrzezinka.eu\/test3\/wp-json\/wp\/v2\/pages\/2892\/revisions"}],"predecessor-version":[{"id":2896,"href":"https:\/\/www.parafiabrzezinka.eu\/test3\/wp-json\/wp\/v2\/pages\/2892\/revisions\/2896"}],"wp:attachment":[{"href":"https:\/\/www.parafiabrzezinka.eu\/test3\/wp-json\/wp\/v2\/media?parent=2892"}],"curies":[{"name":"wp","href":"https:\/\/api.w.org\/{rel}","templated":true}]}}