{"id":2436,"date":"2023-07-25T14:53:39","date_gmt":"2023-07-25T12:53:39","guid":{"rendered":"http:\/\/www.parafiabrzezinka.eu\/test3\/?page_id=2436"},"modified":"2023-08-24T13:33:20","modified_gmt":"2023-08-24T11:33:20","slug":"historia-parafii","status":"publish","type":"page","link":"https:\/\/www.parafiabrzezinka.eu\/test3\/historia-parafii\/","title":{"rendered":"Historia parafii"},"content":{"rendered":"\t\t<div data-elementor-type=\"wp-page\" data-elementor-id=\"2436\" class=\"elementor elementor-2436\">\n\t\t\t\t\t\t<section class=\"elementor-section elementor-top-section elementor-element elementor-element-6f41e1c elementor-section-content-middle elementor-section-boxed elementor-section-height-default elementor-section-height-default\" data-id=\"6f41e1c\" data-element_type=\"section\" data-settings=\"{&quot;background_background&quot;:&quot;classic&quot;,&quot;shape_divider_bottom&quot;:&quot;waves&quot;}\">\n\t\t\t\t\t\t\t<div class=\"elementor-background-overlay\"><\/div>\n\t\t\t\t\t\t<div class=\"elementor-shape elementor-shape-bottom\" data-negative=\"false\">\n\t\t\t<svg xmlns=\"http:\/\/www.w3.org\/2000\/svg\" viewBox=\"0 0 1000 100\" preserveAspectRatio=\"none\">\n\t<path class=\"elementor-shape-fill\" d=\"M421.9,6.5c22.6-2.5,51.5,0.4,75.5,5.3c23.6,4.9,70.9,23.5,100.5,35.7c75.8,32.2,133.7,44.5,192.6,49.7\n\tc23.6,2.1,48.7,3.5,103.4-2.5c54.7-6,106.2-25.6,106.2-25.6V0H0v30.3c0,0,72,32.6,158.4,30.5c39.2-0.7,92.8-6.7,134-22.4\n\tc21.2-8.1,52.2-18.2,79.7-24.2C399.3,7.9,411.6,7.5,421.9,6.5z\"\/>\n<\/svg>\t\t<\/div>\n\t\t\t\t\t<div class=\"elementor-container elementor-column-gap-default\">\n\t\t\t\t\t<div class=\"elementor-column elementor-col-100 elementor-top-column elementor-element elementor-element-8d1f592\" data-id=\"8d1f592\" data-element_type=\"column\">\n\t\t\t<div class=\"elementor-widget-wrap elementor-element-populated\">\n\t\t\t\t\t\t<div class=\"elementor-element elementor-element-342cb9a elementor-widget elementor-widget-heading\" data-id=\"342cb9a\" data-element_type=\"widget\" data-widget_type=\"heading.default\">\n\t\t\t\t<div class=\"elementor-widget-container\">\n\t\t\t\t\t<h1 class=\"elementor-heading-title elementor-size-default\">HISTORIA PARAFII<\/h1>\t\t\t\t<\/div>\n\t\t\t\t<\/div>\n\t\t\t\t\t<\/div>\n\t\t<\/div>\n\t\t\t\t\t<\/div>\n\t\t<\/section>\n\t\t\t\t<section class=\"elementor-section elementor-top-section elementor-element elementor-element-b3697aa elementor-section-boxed elementor-section-height-default elementor-section-height-default\" data-id=\"b3697aa\" data-element_type=\"section\">\n\t\t\t\t\t\t<div class=\"elementor-container elementor-column-gap-default\">\n\t\t\t\t\t<div class=\"elementor-column elementor-col-100 elementor-top-column elementor-element elementor-element-ba4ba9e\" data-id=\"ba4ba9e\" data-element_type=\"column\">\n\t\t\t<div class=\"elementor-widget-wrap elementor-element-populated\">\n\t\t\t\t\t\t\t<\/div>\n\t\t<\/div>\n\t\t\t\t\t<\/div>\n\t\t<\/section>\n\t\t\t\t<section class=\"elementor-section elementor-top-section elementor-element elementor-element-e25ca6f elementor-section-boxed elementor-section-height-default elementor-section-height-default\" data-id=\"e25ca6f\" data-element_type=\"section\">\n\t\t\t\t\t\t<div class=\"elementor-container elementor-column-gap-default\">\n\t\t\t\t\t<div class=\"elementor-column elementor-col-100 elementor-top-column elementor-element elementor-element-b049fe9\" data-id=\"b049fe9\" data-element_type=\"column\">\n\t\t\t<div class=\"elementor-widget-wrap elementor-element-populated\">\n\t\t\t\t\t\t<div class=\"elementor-element elementor-element-c885210 elementor-widget elementor-widget-text-editor\" data-id=\"c885210\" data-element_type=\"widget\" data-widget_type=\"text-editor.default\">\n\t\t\t\t<div class=\"elementor-widget-container\">\n\t\t\t\t\t\t\t\t\t<p>\u00a0 \u00a0 Parafia nale\u017cy do dekanatu mys\u0142owickiego w archidiecezji katowickiej, zosta\u0142a erygowana\u00a0<strong style=\"font-style: inherit; background-color: var(--ast-global-color-4); color: var(--ast-global-color-3);\">1 pa\u017adziernika 1903 r.<\/strong><\/p><p><span style=\"font-style: inherit; background-color: var(--ast-global-color-4); color: var(--ast-global-color-3); font-size: 13.68px;\"><b>\u00a0 \u00a0 \u00a0<\/b><\/span><span style=\"font-style: inherit; font-weight: inherit; background-color: var(--ast-global-color-4); color: var(--ast-global-color-3);\">Ko\u015bci\u00f3\u0142 zosta\u0142 wybudowany na ziemiach podarowanych przez Andrzeja Sorka, wed\u0142ug plan\u00f3w, kt\u00f3rych autorem by\u0142 architekt Ludwig Schneider z Katowic. Budow\u0119 rozpocz\u0119to <\/span><strong style=\"font-style: inherit; background-color: var(--ast-global-color-4); color: var(--ast-global-color-3);\">jesieni\u0105 1892 r.<\/strong><span style=\"font-style: inherit; font-weight: inherit; background-color: var(--ast-global-color-4); color: var(--ast-global-color-3);\">, a prace przyspieszy\u0142o podarowanie przez biskupa dotacji w wysoko\u015bci 5000 marek. <\/span><strong style=\"font-style: inherit; background-color: var(--ast-global-color-4); color: var(--ast-global-color-3);\">25 pa\u017adziernika<\/strong><span style=\"font-style: inherit; font-weight: inherit; background-color: var(--ast-global-color-4); color: var(--ast-global-color-3);\"> tego\u017c roku po\u015bwi\u0119cono kamie\u0144 w\u0119gielny, w kt\u00f3ry zosta\u0142 wmurowany dokument, opisuj\u0105cy przebieg przygotowa\u0144 do budowy ko\u015bcio\u0142a, a tak\u017ce informacje dotycz\u0105ce Brzezinki i jej mieszka\u0144c\u00f3w\u00a0 w\u00a0tamtych latach \u2013 m.in. liczba mieszka\u0144c\u00f3w, kopal\u0144, szk\u00f3\u0142, zatrudnienie, a tak\u017ce wymieniono najhojniejszych ofiarodawc\u00f3w. Z tego dokumentu dowiadujemy si\u0119, \u017ce ko\u015bci\u00f3\u0142 budowany by\u0142 pod wezwaniem Nawiedzenia NMP. Do wyboru takiego wezwania mog\u0142y si\u0119 przyczyni\u0107 nag\u0142o\u015bnione objawienia Matki Boskiej z Lourdes w 1858\u00a0r. <\/span><strong style=\"font-style: inherit; background-color: var(--ast-global-color-4); color: var(--ast-global-color-3);\">22 listopada 1893 r.<\/strong><span style=\"font-style: inherit; font-weight: inherit; background-color: var(--ast-global-color-4); color: var(--ast-global-color-3);\"> mys\u0142owicki proboszcz ks. Franciszek Klaszka pob\u0142ogos\u0142awi\u0142 (dawniej: po\u015bwi\u0119ci\u0142) ko\u015bci\u00f3\u0142. Cz\u0119\u015b\u0107 wystroju wewn\u0119trznego ko\u015bcio\u0142a oraz organy by\u0142y darem z rozebranego ko\u015bcio\u0142a bo\u017cogrobc\u00f3w w\u00a0Chorzowie Starym. Po pob\u0142ogos\u0142awieniu ko\u015bcio\u0142a mieszka\u0144cy Brzezinki uciekli si\u0119 do podst\u0119pu, aby prosi\u0107 biskupa wroc\u0142awskiego o utworzenie osobnej parafii. Postanowili oni zatrzyma\u0107 biskupa wroc\u0142awskiego kard. Georga Koppa, kiedy to 4 maja 1902 r. przeje\u017cd\u017ca\u0142 przez Brzezink\u0119 do Dzie\u0107kowic, aby udzieli\u0107 tam sakramentu bierzmowania. Przywitany przez naczelnika Lud\u0119 kard. Georg Kopp wprawdzie nie wst\u0105pi\u0142 do brzezi\u0144skiego ko\u015bcio\u0142a, jednak obieca\u0142 przys\u0142a\u0107 ksi\u0119dza.\u00a0<\/span><strong style=\"font-style: inherit; background-color: var(--ast-global-color-4); color: var(--ast-global-color-3);\">15 pa\u017adziernika 1902 r.<\/strong><span style=\"font-style: inherit; font-weight: inherit; background-color: var(--ast-global-color-4); color: var(--ast-global-color-3);\"> ks. Emil Wawreczko \u2013 mys\u0142owicki wikary \u2013 zosta\u0142 pos\u0142any przez kard. Georga Koppa do pracy duszpasterskiej w Brzezince. Ks. Wawreczko zatroszczy\u0142 si\u0119 o powstanie cmentarza, odnowienie o\u0142tarza i budow\u0119 dw\u00f3ch o\u0142tarzy bocznych. <\/span><strong style=\"font-style: inherit; background-color: var(--ast-global-color-4); color: var(--ast-global-color-3);\">31\u00a0marca 1903 r.<\/strong><span style=\"font-style: inherit; font-weight: inherit; background-color: var(--ast-global-color-4); color: var(--ast-global-color-3);\"> kardyna\u0142 Georg Kopp z Wroc\u0142awia podpisa\u0142 dokument eryguj\u0105cy parafi\u0119 w\u00a0Brzezince, kt\u00f3ry wszed\u0142 z \u017cycie <\/span><strong style=\"font-style: inherit; background-color: var(--ast-global-color-4); color: var(--ast-global-color-3);\">1 pa\u017adziernika 1903 r.<\/strong><\/p><p><strong>\u00a0 \u00a0 \u00a027 pa\u017adziernika 2013 r.<\/strong> abp. senior Damian Zimo\u0144 po\u015bwi\u0119ci\u0142 (dawniej: konsekrowa\u0142) \u015bwi\u0105tyni\u0119.<\/p><p>Warto zaznaczy\u0107, \u017ce to parafia w Brzezince ju\u017c w 1905 r., jako pierwsza na G\u00f3rnym \u015al\u0105sku, wprowadzi\u0142a zwyczaj odprawiania pasterki o p\u00f3\u0142nocy.<\/p>\t\t\t\t\t\t\t\t<\/div>\n\t\t\t\t<\/div>\n\t\t\t\t\t<\/div>\n\t\t<\/div>\n\t\t\t\t\t<\/div>\n\t\t<\/section>\n\t\t\t\t<\/div>\n\t\t","protected":false},"excerpt":{"rendered":"<p>HISTORIA PARAFII \u00a0 \u00a0 Parafia nale\u017cy do dekanatu mys\u0142owickiego w archidiecezji katowickiej, zosta\u0142a erygowana\u00a01 pa\u017adziernika 1903 r. \u00a0 \u00a0 \u00a0Ko\u015bci\u00f3\u0142 zosta\u0142 wybudowany na ziemiach podarowanych przez Andrzeja Sorka, wed\u0142ug plan\u00f3w, kt\u00f3rych autorem by\u0142 architekt Ludwig Schneider z Katowic. Budow\u0119 rozpocz\u0119to jesieni\u0105 1892 r., a prace przyspieszy\u0142o podarowanie przez biskupa dotacji w wysoko\u015bci 5000 marek. 25 [&hellip;]<\/p>\n","protected":false},"author":1,"featured_media":0,"parent":0,"menu_order":0,"comment_status":"closed","ping_status":"closed","template":"","meta":{"_uag_custom_page_level_css":"","site-sidebar-layout":"no-sidebar","site-content-layout":"page-builder","ast-site-content-layout":"default","site-content-style":"default","site-sidebar-style":"default","ast-global-header-display":"","ast-banner-title-visibility":"","ast-main-header-display":"","ast-hfb-above-header-display":"","ast-hfb-below-header-display":"","ast-hfb-mobile-header-display":"","site-post-title":"disabled","ast-breadcrumbs-content":"","ast-featured-img":"disabled","footer-sml-layout":"","ast-disable-related-posts":"","theme-transparent-header-meta":"","adv-header-id-meta":"","stick-header-meta":"","header-above-stick-meta":"","header-main-stick-meta":"","header-below-stick-meta":"","astra-migrate-meta-layouts":"default","ast-page-background-enabled":"default","ast-page-background-meta":{"desktop":{"background-color":"","background-image":"","background-repeat":"repeat","background-position":"center center","background-size":"auto","background-attachment":"scroll","background-type":"","background-media":"","overlay-type":"","overlay-color":"","overlay-opacity":"","overlay-gradient":""},"tablet":{"background-color":"","background-image":"","background-repeat":"repeat","background-position":"center center","background-size":"auto","background-attachment":"scroll","background-type":"","background-media":"","overlay-type":"","overlay-color":"","overlay-opacity":"","overlay-gradient":""},"mobile":{"background-color":"","background-image":"","background-repeat":"repeat","background-position":"center center","background-size":"auto","background-attachment":"scroll","background-type":"","background-media":"","overlay-type":"","overlay-color":"","overlay-opacity":"","overlay-gradient":""}},"ast-content-background-meta":{"desktop":{"background-color":"var(--ast-global-color-5)","background-image":"","background-repeat":"repeat","background-position":"center center","background-size":"auto","background-attachment":"scroll","background-type":"","background-media":"","overlay-type":"","overlay-color":"","overlay-opacity":"","overlay-gradient":""},"tablet":{"background-color":"var(--ast-global-color-5)","background-image":"","background-repeat":"repeat","background-position":"center center","background-size":"auto","background-attachment":"scroll","background-type":"","background-media":"","overlay-type":"","overlay-color":"","overlay-opacity":"","overlay-gradient":""},"mobile":{"background-color":"var(--ast-global-color-5)","background-image":"","background-repeat":"repeat","background-position":"center center","background-size":"auto","background-attachment":"scroll","background-type":"","background-media":"","overlay-type":"","overlay-color":"","overlay-opacity":"","overlay-gradient":""}},"footnotes":""},"uagb_featured_image_src":{"full":false,"thumbnail":false,"medium":false,"medium_large":false,"large":false,"1536x1536":false,"2048x2048":false},"uagb_author_info":{"display_name":"admin","author_link":"https:\/\/www.parafiabrzezinka.eu\/test3\/author\/admin\/"},"uagb_comment_info":0,"uagb_excerpt":"HISTORIA PARAFII \u00a0 \u00a0 Parafia nale\u017cy do dekanatu mys\u0142owickiego w archidiecezji katowickiej, zosta\u0142a erygowana\u00a01 pa\u017adziernika 1903 r. \u00a0 \u00a0 \u00a0Ko\u015bci\u00f3\u0142 zosta\u0142 wybudowany na ziemiach podarowanych przez Andrzeja Sorka, wed\u0142ug plan\u00f3w, kt\u00f3rych autorem by\u0142 architekt Ludwig Schneider z Katowic. Budow\u0119 rozpocz\u0119to jesieni\u0105 1892 r., a prace przyspieszy\u0142o podarowanie przez biskupa dotacji w wysoko\u015bci 5000 marek. 25&hellip;","_links":{"self":[{"href":"https:\/\/www.parafiabrzezinka.eu\/test3\/wp-json\/wp\/v2\/pages\/2436"}],"collection":[{"href":"https:\/\/www.parafiabrzezinka.eu\/test3\/wp-json\/wp\/v2\/pages"}],"about":[{"href":"https:\/\/www.parafiabrzezinka.eu\/test3\/wp-json\/wp\/v2\/types\/page"}],"author":[{"embeddable":true,"href":"https:\/\/www.parafiabrzezinka.eu\/test3\/wp-json\/wp\/v2\/users\/1"}],"replies":[{"embeddable":true,"href":"https:\/\/www.parafiabrzezinka.eu\/test3\/wp-json\/wp\/v2\/comments?post=2436"}],"version-history":[{"count":37,"href":"https:\/\/www.parafiabrzezinka.eu\/test3\/wp-json\/wp\/v2\/pages\/2436\/revisions"}],"predecessor-version":[{"id":2571,"href":"https:\/\/www.parafiabrzezinka.eu\/test3\/wp-json\/wp\/v2\/pages\/2436\/revisions\/2571"}],"wp:attachment":[{"href":"https:\/\/www.parafiabrzezinka.eu\/test3\/wp-json\/wp\/v2\/media?parent=2436"}],"curies":[{"name":"wp","href":"https:\/\/api.w.org\/{rel}","templated":true}]}}

<div data-elementor-type="wp-page" data-elementor-id="2436" class="elementor elementor-2436">
						<section class="elementor-section elementor-top-section elementor-element elementor-element-6f41e1c elementor-section-content-middle elementor-section-boxed elementor-section-height-default elementor-section-height-default" data-id="6f41e1c" data-element_type="section" data-settings="{&quot;background_background&quot;:&quot;classic&quot;,&quot;shape_divider_bottom&quot;:&quot;waves&quot;}">
							<div class="elementor-background-overlay"></div>
						<div class="elementor-shape elementor-shape-bottom" data-negative="false">
			<svg xmlns="http://www.w3.org/2000/svg" viewBox="0 0 1000 100" preserveAspectRatio="none">
	<path class="elementor-shape-fill" d="M421.9,6.5c22.6-2.5,51.5,0.4,75.5,5.3c23.6,4.9,70.9,23.5,100.5,35.7c75.8,32.2,133.7,44.5,192.6,49.7
	c23.6,2.1,48.7,3.5,103.4-2.5c54.7-6,106.2-25.6,106.2-25.6V0H0v30.3c0,0,72,32.6,158.4,30.5c39.2-0.7,92.8-6.7,134-22.4
	c21.2-8.1,52.2-18.2,79.7-24.2C399.3,7.9,411.6,7.5,421.9,6.5z"/>
</svg>		</div>
					<div class="elementor-container elementor-column-gap-default">
					<div class="elementor-column elementor-col-100 elementor-top-column elementor-element elementor-element-8d1f592" data-id="8d1f592" data-element_type="column">
			<div class="elementor-widget-wrap elementor-element-populated">
						<div class="elementor-element elementor-element-342cb9a elementor-widget elementor-widget-heading" data-id="342cb9a" data-element_type="widget" data-widget_type="heading.default">
				<div class="elementor-widget-container">
					<h1 class="elementor-heading-title elementor-size-default">HISTORIA PARAFII</h1>				</div>
				</div>
					</div>
		</div>
					</div>
		</section>
				<section class="elementor-section elementor-top-section elementor-element elementor-element-b3697aa elementor-section-boxed elementor-section-height-default elementor-section-height-default" data-id="b3697aa" data-element_type="section">
						<div class="elementor-container elementor-column-gap-default">
					<div class="elementor-column elementor-col-100 elementor-top-column elementor-element elementor-element-ba4ba9e" data-id="ba4ba9e" data-element_type="column">
			<div class="elementor-widget-wrap elementor-element-populated">
							</div>
		</div>
					</div>
		</section>
				<section class="elementor-section elementor-top-section elementor-element elementor-element-e25ca6f elementor-section-boxed elementor-section-height-default elementor-section-height-default" data-id="e25ca6f" data-element_type="section">
						<div class="elementor-container elementor-column-gap-default">
					<div class="elementor-column elementor-col-100 elementor-top-column elementor-element elementor-element-b049fe9" data-id="b049fe9" data-element_type="column">
			<div class="elementor-widget-wrap elementor-element-populated">
						<div class="elementor-element elementor-element-c885210 elementor-widget elementor-widget-text-editor" data-id="c885210" data-element_type="widget" data-widget_type="text-editor.default">
				<div class="elementor-widget-container">
									<p>    Parafia należy do dekanatu mysłowickiego w archidiecezji katowickiej, została erygowana <strong style="font-style: inherit; background-color: var(--ast-global-color-4); color: var(--ast-global-color-3);">1 października 1903 r.</strong></p><p><span style="font-style: inherit; background-color: var(--ast-global-color-4); color: var(--ast-global-color-3); font-size: 13.68px;"><b>     </b></span><span style="font-style: inherit; font-weight: inherit; background-color: var(--ast-global-color-4); color: var(--ast-global-color-3);">Kościół został wybudowany na ziemiach podarowanych przez Andrzeja Sorka, według planów, których autorem był architekt Ludwig Schneider z Katowic. Budowę rozpoczęto </span><strong style="font-style: inherit; background-color: var(--ast-global-color-4); color: var(--ast-global-color-3);">jesienią 1892 r.</strong><span style="font-style: inherit; font-weight: inherit; background-color: var(--ast-global-color-4); color: var(--ast-global-color-3);">, a prace przyspieszyło podarowanie przez biskupa dotacji w wysokości 5000 marek. </span><strong style="font-style: inherit; background-color: var(--ast-global-color-4); color: var(--ast-global-color-3);">25 października</strong><span style="font-style: inherit; font-weight: inherit; background-color: var(--ast-global-color-4); color: var(--ast-global-color-3);"> tegoż roku poświęcono kamień węgielny, w który został wmurowany dokument, opisujący przebieg przygotowań do budowy kościoła, a także informacje dotyczące Brzezinki i jej mieszkańców  w tamtych latach – m.in. liczba mieszkańców, kopalń, szkół, zatrudnienie, a także wymieniono najhojniejszych ofiarodawców. Z tego dokumentu dowiadujemy się, że kościół budowany był pod wezwaniem Nawiedzenia NMP. Do wyboru takiego wezwania mogły się przyczynić nagłośnione objawienia Matki Boskiej z Lourdes w 1858 r. </span><strong style="font-style: inherit; background-color: var(--ast-global-color-4); color: var(--ast-global-color-3);">22 listopada 1893 r.</strong><span style="font-style: inherit; font-weight: inherit; background-color: var(--ast-global-color-4); color: var(--ast-global-color-3);"> mysłowicki proboszcz ks. Franciszek Klaszka pobłogosławił (dawniej: poświęcił) kościół. Część wystroju wewnętrznego kościoła oraz organy były darem z rozebranego kościoła bożogrobców w Chorzowie Starym. Po pobłogosławieniu kościoła mieszkańcy Brzezinki uciekli się do podstępu, aby prosić biskupa wrocławskiego o utworzenie osobnej parafii. Postanowili oni zatrzymać biskupa wrocławskiego kard. Georga Koppa, kiedy to 4 maja 1902 r. przejeżdżał przez Brzezinkę do Dziećkowic, aby udzielić tam sakramentu bierzmowania. Przywitany przez naczelnika Ludę kard. Georg Kopp wprawdzie nie wstąpił do brzezińskiego kościoła, jednak obiecał przysłać księdza. </span><strong style="font-style: inherit; background-color: var(--ast-global-color-4); color: var(--ast-global-color-3);">15 października 1902 r.</strong><span style="font-style: inherit; font-weight: inherit; background-color: var(--ast-global-color-4); color: var(--ast-global-color-3);"> ks. Emil Wawreczko – mysłowicki wikary – został posłany przez kard. Georga Koppa do pracy duszpasterskiej w Brzezince. Ks. Wawreczko zatroszczył się o powstanie cmentarza, odnowienie ołtarza i budowę dwóch ołtarzy bocznych. </span><strong style="font-style: inherit; background-color: var(--ast-global-color-4); color: var(--ast-global-color-3);">31 marca 1903 r.</strong><span style="font-style: inherit; font-weight: inherit; background-color: var(--ast-global-color-4); color: var(--ast-global-color-3);"> kardynał Georg Kopp z Wrocławia podpisał dokument erygujący parafię w Brzezince, który wszedł z życie </span><strong style="font-style: inherit; background-color: var(--ast-global-color-4); color: var(--ast-global-color-3);">1 października 1903 r.</strong></p><p><strong>     27 października 2013 r.</strong> abp. senior Damian Zimoń poświęcił (dawniej: konsekrował) świątynię.</p><p>Warto zaznaczyć, że to parafia w Brzezince już w 1905 r., jako pierwsza na Górnym Śląsku, wprowadziła zwyczaj odprawiania pasterki o północy.</p>								</div>
				</div>
					</div>
		</div>
					</div>
		</section>
				</div>

<p>HISTORIA PARAFII     Parafia należy do dekanatu mysłowickiego w archidiecezji katowickiej, została erygowana 1 października 1903 r.      Kościół został wybudowany na ziemiach podarowanych przez Andrzeja Sorka, według planów, których autorem był architekt Ludwig Schneider z Katowic. Budowę rozpoczęto jesienią 1892 r., a prace przyspieszyło podarowanie przez biskupa dotacji w wysokości 5000 marek. 25 [&hellip;]</p>

HISTORIA PARAFII     Parafia należy do dekanatu mysłowickiego w archidiecezji katowickiej, została erygowana 1 października 1903 r.      Kościół został wybudowany na ziemiach podarowanych przez Andrzeja Sorka, według planów, których autorem był architekt Ludwig Schneider z Katowic. Budowę rozpoczęto jesienią 1892 r., a prace przyspieszyło podarowanie przez biskupa dotacji w wysokości 5000 marek. 25&hellip;
