{"id":2372,"date":"2023-07-24T13:40:32","date_gmt":"2023-07-24T11:40:32","guid":{"rendered":"http:\/\/www.parafiabrzezinka.eu\/test3\/?page_id=2372"},"modified":"2023-09-08T20:43:48","modified_gmt":"2023-09-08T18:43:48","slug":"nabozenstwa","status":"publish","type":"page","link":"https:\/\/www.parafiabrzezinka.eu\/test3\/nabozenstwa\/","title":{"rendered":"Nabo\u017ce\u0144stwa"},"content":{"rendered":"\t\t<div data-elementor-type=\"wp-page\" data-elementor-id=\"2372\" class=\"elementor elementor-2372\">\n\t\t\t\t\t\t<section class=\"elementor-section elementor-top-section elementor-element elementor-element-13cd51e elementor-section-content-middle elementor-section-boxed elementor-section-height-default elementor-section-height-default\" data-id=\"13cd51e\" data-element_type=\"section\" data-settings=\"{&quot;background_background&quot;:&quot;classic&quot;,&quot;shape_divider_bottom&quot;:&quot;waves&quot;}\">\n\t\t\t\t\t\t\t<div class=\"elementor-background-overlay\"><\/div>\n\t\t\t\t\t\t<div class=\"elementor-shape elementor-shape-bottom\" data-negative=\"false\">\n\t\t\t<svg xmlns=\"http:\/\/www.w3.org\/2000\/svg\" viewBox=\"0 0 1000 100\" preserveAspectRatio=\"none\">\n\t<path class=\"elementor-shape-fill\" d=\"M421.9,6.5c22.6-2.5,51.5,0.4,75.5,5.3c23.6,4.9,70.9,23.5,100.5,35.7c75.8,32.2,133.7,44.5,192.6,49.7\n\tc23.6,2.1,48.7,3.5,103.4-2.5c54.7-6,106.2-25.6,106.2-25.6V0H0v30.3c0,0,72,32.6,158.4,30.5c39.2-0.7,92.8-6.7,134-22.4\n\tc21.2-8.1,52.2-18.2,79.7-24.2C399.3,7.9,411.6,7.5,421.9,6.5z\"\/>\n<\/svg>\t\t<\/div>\n\t\t\t\t\t<div class=\"elementor-container elementor-column-gap-default\">\n\t\t\t\t\t<div class=\"elementor-column elementor-col-100 elementor-top-column elementor-element elementor-element-6207202\" data-id=\"6207202\" data-element_type=\"column\">\n\t\t\t<div class=\"elementor-widget-wrap elementor-element-populated\">\n\t\t\t\t\t\t<div class=\"elementor-element elementor-element-7a4fee1 elementor-widget elementor-widget-heading\" data-id=\"7a4fee1\" data-element_type=\"widget\" data-widget_type=\"heading.default\">\n\t\t\t\t<div class=\"elementor-widget-container\">\n\t\t\t\t\t<h1 class=\"elementor-heading-title elementor-size-default\">NABO\u017bE\u0143STWA<\/h1>\t\t\t\t<\/div>\n\t\t\t\t<\/div>\n\t\t\t\t\t<\/div>\n\t\t<\/div>\n\t\t\t\t\t<\/div>\n\t\t<\/section>\n\t\t\t\t<section class=\"elementor-section elementor-top-section elementor-element elementor-element-6e1672d elementor-section-boxed elementor-section-height-default elementor-section-height-default\" data-id=\"6e1672d\" data-element_type=\"section\">\n\t\t\t\t\t\t<div class=\"elementor-container elementor-column-gap-default\">\n\t\t\t\t\t<div class=\"elementor-column elementor-col-100 elementor-top-column elementor-element elementor-element-2584eee\" data-id=\"2584eee\" data-element_type=\"column\">\n\t\t\t<div class=\"elementor-widget-wrap elementor-element-populated\">\n\t\t\t\t\t\t<div class=\"elementor-element elementor-element-e43e617 elementor-widget elementor-widget-text-editor\" data-id=\"e43e617\" data-element_type=\"widget\" data-widget_type=\"text-editor.default\">\n\t\t\t\t<div class=\"elementor-widget-container\">\n\t\t\t\t\t\t\t\t\t<p><strong>&#8211; codziennie<\/strong>\u00a0o 7.30 (w \u015brod\u0119 o 7.15) &#8211;\u00a0<strong>R\u00f3\u017caniec \u015bw.<\/strong><\/p><p><strong>&#8211; wtorek<\/strong>\u00a0po porannej Mszy \u015bw. &#8211;\u00a0<strong>Modlitwy przez wstawiennictwo\u00a0\u015bw.\u00a0Antoniego<\/strong><\/p><p><strong>&#8211; \u015broda<\/strong>\u00a0o 7.45 i po Mszy \u015bw. wieczornej &#8211;\u00a0<strong>Nabo\u017ce\u0144stwo ku czci MB Nieustaj\u0105cej Pomocy<\/strong><\/p><p><strong>&#8211; czwartek<\/strong>\u00a0od 17.00 &#8211;\u00a0<strong>Adoracja Naj\u015bwi\u0119tszego Sakramentu i okazja do spowiedzi<\/strong><\/p><p><strong>&#8211; I czwartek miesi\u0105ca<\/strong>\u00a0po porannej Mszy \u015bw. i przed wieczorn\u0105 Msz\u0105 \u015bw. &#8211;\u00a0<strong>Nabo\u017ce\u0144stwo o powo\u0142ania<\/strong><\/p><p><strong>&#8211; pi\u0105tek<\/strong>\u00a0po porannej Mszy \u015bw. &#8211;\u00a0<strong>Nabo\u017ce\u0144stwo do Mi\u0142osierdzia Bo\u017cego<\/strong><\/p><p><strong>&#8211; I pi\u0105tek miesi\u0105ca<\/strong>\u00a0po porannej i po wieczornej Mszy \u015bw. &#8211;\u00a0<strong>Nabo\u017ce\u0144stwo do Naj\u015bwi\u0119tszego Serca Pana Jezusa<\/strong><\/p><p><strong>&#8211; III pi\u0105tek miesi\u0105ca<\/strong>\u00a0po porannej Mszy \u015bw. &#8211;\u00a0<strong>Nabo\u017ce\u0144stwo do Mi\u0142osierdzia Bo\u017cego przed wystawionym Naj\u015bwi\u0119tszym Sakramentem<\/strong><\/p><p><strong>&#8211; I sobota miesi\u0105ca<\/strong>\u00a0po porannej Mszy \u015bw. &#8211;\u00a0<strong>Nabo\u017ce\u0144stwo Pierwszych Sob\u00f3t Miesi\u0105ca<\/strong><\/p><p><strong>&#8211; niedziela<\/strong>\u00a0o 15.00 &#8211;\u00a0<strong>Nieszpory<\/strong><\/p><p><strong>&#8211; w niedziele Wielkiego Postu<\/strong>\u00a0o 14.45 &#8211;\u00a0<strong>Gorzkie \u017bale z kazaniem Pasyjnym<\/strong><\/p><p><strong>&#8211; Droga Krzy\u017cowa<\/strong>\u00a0&#8211; w\u00a0Wielkim Po\u015bcie: dla doros\u0142ych w\u00a0pi\u0105tki po Mszy porannej i o 17.15; dla dzieci o 16.00<\/p><p><strong>&#8211; Nabo\u017ce\u0144stwo majowe<\/strong>\u00a0&#8211;\u00a0w maju: w tygodniu po wieczornej Mszy \u015bw., w niedziele i uroczysto\u015bci o\u00a015.00\u00a0<\/p><p><strong>&#8211; Nabo\u017ce\u0144stwo czerwcowe<\/strong> &#8211; w czerwcu: w tygodniu po wieczornej Mszy \u015bw., w niedziele i uroczysto\u015bci w ramach nieszpor\u00f3w o 15.00\u00a0<\/p><p><strong>&#8211; Nabo\u017ce\u0144stwo r\u00f3\u017ca\u0144cowe<\/strong>\u00a0&#8211; w\u00a0pa\u017adzierniku: w dni powszednie o 17.15, w niedziele i uroczysto\u015bci o 14.45\u00a0<\/p><p><strong>&#8211; Nabo\u017ce\u0144stwo fatimskie i procesja ze \u015bwiecami<\/strong>\u00a0&#8211;\u00a0od maja do pa\u017adziernika 13-go dnia miesi\u0105ca o 19.00<\/p>\t\t\t\t\t\t\t\t<\/div>\n\t\t\t\t<\/div>\n\t\t\t\t\t<\/div>\n\t\t<\/div>\n\t\t\t\t\t<\/div>\n\t\t<\/section>\n\t\t\t\t<\/div>\n\t\t","protected":false},"excerpt":{"rendered":"<p>NABO\u017bE\u0143STWA &#8211; codziennie\u00a0o 7.30 (w \u015brod\u0119 o 7.15) &#8211;\u00a0R\u00f3\u017caniec \u015bw. &#8211; wtorek\u00a0po porannej Mszy \u015bw. &#8211;\u00a0Modlitwy przez wstawiennictwo\u00a0\u015bw.\u00a0Antoniego &#8211; \u015broda\u00a0o 7.45 i po Mszy \u015bw. wieczornej &#8211;\u00a0Nabo\u017ce\u0144stwo ku czci MB Nieustaj\u0105cej Pomocy &#8211; czwartek\u00a0od 17.00 &#8211;\u00a0Adoracja Naj\u015bwi\u0119tszego Sakramentu i okazja do spowiedzi &#8211; I czwartek miesi\u0105ca\u00a0po porannej Mszy \u015bw. i przed wieczorn\u0105 Msz\u0105 \u015bw. &#8211;\u00a0Nabo\u017ce\u0144stwo [&hellip;]<\/p>\n","protected":false},"author":1,"featured_media":0,"parent":0,"menu_order":0,"comment_status":"closed","ping_status":"closed","template":"","meta":{"_uag_custom_page_level_css":"","site-sidebar-layout":"no-sidebar","site-content-layout":"page-builder","ast-site-content-layout":"default","site-content-style":"default","site-sidebar-style":"default","ast-global-header-display":"","ast-banner-title-visibility":"","ast-main-header-display":"","ast-hfb-above-header-display":"","ast-hfb-below-header-display":"","ast-hfb-mobile-header-display":"","site-post-title":"disabled","ast-breadcrumbs-content":"","ast-featured-img":"disabled","footer-sml-layout":"","ast-disable-related-posts":"","theme-transparent-header-meta":"","adv-header-id-meta":"","stick-header-meta":"","header-above-stick-meta":"","header-main-stick-meta":"","header-below-stick-meta":"","astra-migrate-meta-layouts":"default","ast-page-background-enabled":"default","ast-page-background-meta":{"desktop":{"background-color":"","background-image":"","background-repeat":"repeat","background-position":"center center","background-size":"auto","background-attachment":"scroll","background-type":"","background-media":"","overlay-type":"","overlay-color":"","overlay-opacity":"","overlay-gradient":""},"tablet":{"background-color":"","background-image":"","background-repeat":"repeat","background-position":"center center","background-size":"auto","background-attachment":"scroll","background-type":"","background-media":"","overlay-type":"","overlay-color":"","overlay-opacity":"","overlay-gradient":""},"mobile":{"background-color":"","background-image":"","background-repeat":"repeat","background-position":"center center","background-size":"auto","background-attachment":"scroll","background-type":"","background-media":"","overlay-type":"","overlay-color":"","overlay-opacity":"","overlay-gradient":""}},"ast-content-background-meta":{"desktop":{"background-color":"var(--ast-global-color-5)","background-image":"","background-repeat":"repeat","background-position":"center center","background-size":"auto","background-attachment":"scroll","background-type":"","background-media":"","overlay-type":"","overlay-color":"","overlay-opacity":"","overlay-gradient":""},"tablet":{"background-color":"var(--ast-global-color-5)","background-image":"","background-repeat":"repeat","background-position":"center center","background-size":"auto","background-attachment":"scroll","background-type":"","background-media":"","overlay-type":"","overlay-color":"","overlay-opacity":"","overlay-gradient":""},"mobile":{"background-color":"var(--ast-global-color-5)","background-image":"","background-repeat":"repeat","background-position":"center center","background-size":"auto","background-attachment":"scroll","background-type":"","background-media":"","overlay-type":"","overlay-color":"","overlay-opacity":"","overlay-gradient":""}},"footnotes":""},"uagb_featured_image_src":{"full":false,"thumbnail":false,"medium":false,"medium_large":false,"large":false,"1536x1536":false,"2048x2048":false},"uagb_author_info":{"display_name":"admin","author_link":"https:\/\/www.parafiabrzezinka.eu\/test3\/author\/admin\/"},"uagb_comment_info":0,"uagb_excerpt":"NABO\u017bE\u0143STWA &#8211; codziennie\u00a0o 7.30 (w \u015brod\u0119 o 7.15) &#8211;\u00a0R\u00f3\u017caniec \u015bw. &#8211; wtorek\u00a0po porannej Mszy \u015bw. &#8211;\u00a0Modlitwy przez wstawiennictwo\u00a0\u015bw.\u00a0Antoniego &#8211; \u015broda\u00a0o 7.45 i po Mszy \u015bw. wieczornej &#8211;\u00a0Nabo\u017ce\u0144stwo ku czci MB Nieustaj\u0105cej Pomocy &#8211; czwartek\u00a0od 17.00 &#8211;\u00a0Adoracja Naj\u015bwi\u0119tszego Sakramentu i okazja do spowiedzi &#8211; I czwartek miesi\u0105ca\u00a0po porannej Mszy \u015bw. i przed wieczorn\u0105 Msz\u0105 \u015bw. &#8211;\u00a0Nabo\u017ce\u0144stwo&hellip;","_links":{"self":[{"href":"https:\/\/www.parafiabrzezinka.eu\/test3\/wp-json\/wp\/v2\/pages\/2372"}],"collection":[{"href":"https:\/\/www.parafiabrzezinka.eu\/test3\/wp-json\/wp\/v2\/pages"}],"about":[{"href":"https:\/\/www.parafiabrzezinka.eu\/test3\/wp-json\/wp\/v2\/types\/page"}],"author":[{"embeddable":true,"href":"https:\/\/www.parafiabrzezinka.eu\/test3\/wp-json\/wp\/v2\/users\/1"}],"replies":[{"embeddable":true,"href":"https:\/\/www.parafiabrzezinka.eu\/test3\/wp-json\/wp\/v2\/comments?post=2372"}],"version-history":[{"count":10,"href":"https:\/\/www.parafiabrzezinka.eu\/test3\/wp-json\/wp\/v2\/pages\/2372\/revisions"}],"predecessor-version":[{"id":2842,"href":"https:\/\/www.parafiabrzezinka.eu\/test3\/wp-json\/wp\/v2\/pages\/2372\/revisions\/2842"}],"wp:attachment":[{"href":"https:\/\/www.parafiabrzezinka.eu\/test3\/wp-json\/wp\/v2\/media?parent=2372"}],"curies":[{"name":"wp","href":"https:\/\/api.w.org\/{rel}","templated":true}]}}

Nabożeństwa

<div data-elementor-type="wp-page" data-elementor-id="2372" class="elementor elementor-2372">
						<section class="elementor-section elementor-top-section elementor-element elementor-element-13cd51e elementor-section-content-middle elementor-section-boxed elementor-section-height-default elementor-section-height-default" data-id="13cd51e" data-element_type="section" data-settings="{&quot;background_background&quot;:&quot;classic&quot;,&quot;shape_divider_bottom&quot;:&quot;waves&quot;}">
							<div class="elementor-background-overlay"></div>
						<div class="elementor-shape elementor-shape-bottom" data-negative="false">
			<svg xmlns="http://www.w3.org/2000/svg" viewBox="0 0 1000 100" preserveAspectRatio="none">
	<path class="elementor-shape-fill" d="M421.9,6.5c22.6-2.5,51.5,0.4,75.5,5.3c23.6,4.9,70.9,23.5,100.5,35.7c75.8,32.2,133.7,44.5,192.6,49.7
	c23.6,2.1,48.7,3.5,103.4-2.5c54.7-6,106.2-25.6,106.2-25.6V0H0v30.3c0,0,72,32.6,158.4,30.5c39.2-0.7,92.8-6.7,134-22.4
	c21.2-8.1,52.2-18.2,79.7-24.2C399.3,7.9,411.6,7.5,421.9,6.5z"/>
</svg>		</div>
					<div class="elementor-container elementor-column-gap-default">
					<div class="elementor-column elementor-col-100 elementor-top-column elementor-element elementor-element-6207202" data-id="6207202" data-element_type="column">
			<div class="elementor-widget-wrap elementor-element-populated">
						<div class="elementor-element elementor-element-7a4fee1 elementor-widget elementor-widget-heading" data-id="7a4fee1" data-element_type="widget" data-widget_type="heading.default">
				<div class="elementor-widget-container">
					<h1 class="elementor-heading-title elementor-size-default">NABOŻEŃSTWA</h1>				</div>
				</div>
					</div>
		</div>
					</div>
		</section>
				<section class="elementor-section elementor-top-section elementor-element elementor-element-6e1672d elementor-section-boxed elementor-section-height-default elementor-section-height-default" data-id="6e1672d" data-element_type="section">
						<div class="elementor-container elementor-column-gap-default">
					<div class="elementor-column elementor-col-100 elementor-top-column elementor-element elementor-element-2584eee" data-id="2584eee" data-element_type="column">
			<div class="elementor-widget-wrap elementor-element-populated">
						<div class="elementor-element elementor-element-e43e617 elementor-widget elementor-widget-text-editor" data-id="e43e617" data-element_type="widget" data-widget_type="text-editor.default">
				<div class="elementor-widget-container">
									<p><strong>&#8211; codziennie</strong> o 7.30 (w środę o 7.15) &#8211; <strong>Różaniec św.</strong></p><p><strong>&#8211; wtorek</strong> po porannej Mszy św. &#8211; <strong>Modlitwy przez wstawiennictwo św. Antoniego</strong></p><p><strong>&#8211; środa</strong> o 7.45 i po Mszy św. wieczornej &#8211; <strong>Nabożeństwo ku czci MB Nieustającej Pomocy</strong></p><p><strong>&#8211; czwartek</strong> od 17.00 &#8211; <strong>Adoracja Najświętszego Sakramentu i okazja do spowiedzi</strong></p><p><strong>&#8211; I czwartek miesiąca</strong> po porannej Mszy św. i przed wieczorną Mszą św. &#8211; <strong>Nabożeństwo o powołania</strong></p><p><strong>&#8211; piątek</strong> po porannej Mszy św. &#8211; <strong>Nabożeństwo do Miłosierdzia Bożego</strong></p><p><strong>&#8211; I piątek miesiąca</strong> po porannej i po wieczornej Mszy św. &#8211; <strong>Nabożeństwo do Najświętszego Serca Pana Jezusa</strong></p><p><strong>&#8211; III piątek miesiąca</strong> po porannej Mszy św. &#8211; <strong>Nabożeństwo do Miłosierdzia Bożego przed wystawionym Najświętszym Sakramentem</strong></p><p><strong>&#8211; I sobota miesiąca</strong> po porannej Mszy św. &#8211; <strong>Nabożeństwo Pierwszych Sobót Miesiąca</strong></p><p><strong>&#8211; niedziela</strong> o 15.00 &#8211; <strong>Nieszpory</strong></p><p><strong>&#8211; w niedziele Wielkiego Postu</strong> o 14.45 &#8211; <strong>Gorzkie Żale z kazaniem Pasyjnym</strong></p><p><strong>&#8211; Droga Krzyżowa</strong> &#8211; w Wielkim Poście: dla dorosłych w piątki po Mszy porannej i o 17.15; dla dzieci o 16.00</p><p><strong>&#8211; Nabożeństwo majowe</strong> &#8211; w maju: w tygodniu po wieczornej Mszy św., w niedziele i uroczystości o 15.00 </p><p><strong>&#8211; Nabożeństwo czerwcowe</strong> &#8211; w czerwcu: w tygodniu po wieczornej Mszy św., w niedziele i uroczystości w ramach nieszporów o 15.00 </p><p><strong>&#8211; Nabożeństwo różańcowe</strong> &#8211; w październiku: w dni powszednie o 17.15, w niedziele i uroczystości o 14.45 </p><p><strong>&#8211; Nabożeństwo fatimskie i procesja ze świecami</strong> &#8211; od maja do października 13-go dnia miesiąca o 19.00</p>								</div>
				</div>
					</div>
		</div>
					</div>
		</section>
				</div>

<p>NABOŻEŃSTWA &#8211; codziennie o 7.30 (w środę o 7.15) &#8211; Różaniec św. &#8211; wtorek po porannej Mszy św. &#8211; Modlitwy przez wstawiennictwo św. Antoniego &#8211; środa o 7.45 i po Mszy św. wieczornej &#8211; Nabożeństwo ku czci MB Nieustającej Pomocy &#8211; czwartek od 17.00 &#8211; Adoracja Najświętszego Sakramentu i okazja do spowiedzi &#8211; I czwartek miesiąca po porannej Mszy św. i przed wieczorną Mszą św. &#8211; Nabożeństwo [&hellip;]</p>

NABOŻEŃSTWA &#8211; codziennie o 7.30 (w środę o 7.15) &#8211; Różaniec św. &#8211; wtorek po porannej Mszy św. &#8211; Modlitwy przez wstawiennictwo św. Antoniego &#8211; środa o 7.45 i po Mszy św. wieczornej &#8211; Nabożeństwo ku czci MB Nieustającej Pomocy &#8211; czwartek od 17.00 &#8211; Adoracja Najświętszego Sakramentu i okazja do spowiedzi &#8211; I czwartek miesiąca po porannej Mszy św. i przed wieczorną Mszą św. &#8211; Nabożeństwo&hellip;
