{"id":2358,"date":"2023-07-24T13:29:48","date_gmt":"2023-07-24T11:29:48","guid":{"rendered":"http:\/\/www.parafiabrzezinka.eu\/test3\/?page_id=2358"},"modified":"2023-08-24T13:42:07","modified_gmt":"2023-08-24T11:42:07","slug":"liturgia-sluzba-boza","status":"publish","type":"page","link":"https:\/\/www.parafiabrzezinka.eu\/test3\/liturgia-sluzba-boza\/","title":{"rendered":"Liturgia \/ S\u0142u\u017cba Bo\u017ca"},"content":{"rendered":"\t\t<div data-elementor-type=\"wp-page\" data-elementor-id=\"2358\" class=\"elementor elementor-2358\">\n\t\t\t\t\t\t<section class=\"elementor-section elementor-top-section elementor-element elementor-element-3d2ac44 elementor-section-content-middle elementor-section-boxed elementor-section-height-default elementor-section-height-default\" data-id=\"3d2ac44\" data-element_type=\"section\" data-settings=\"{&quot;background_background&quot;:&quot;classic&quot;,&quot;shape_divider_bottom&quot;:&quot;waves&quot;}\">\n\t\t\t\t\t\t\t<div class=\"elementor-background-overlay\"><\/div>\n\t\t\t\t\t\t<div class=\"elementor-shape elementor-shape-bottom\" data-negative=\"false\">\n\t\t\t<svg xmlns=\"http:\/\/www.w3.org\/2000\/svg\" viewBox=\"0 0 1000 100\" preserveAspectRatio=\"none\">\n\t<path class=\"elementor-shape-fill\" d=\"M421.9,6.5c22.6-2.5,51.5,0.4,75.5,5.3c23.6,4.9,70.9,23.5,100.5,35.7c75.8,32.2,133.7,44.5,192.6,49.7\n\tc23.6,2.1,48.7,3.5,103.4-2.5c54.7-6,106.2-25.6,106.2-25.6V0H0v30.3c0,0,72,32.6,158.4,30.5c39.2-0.7,92.8-6.7,134-22.4\n\tc21.2-8.1,52.2-18.2,79.7-24.2C399.3,7.9,411.6,7.5,421.9,6.5z\"\/>\n<\/svg>\t\t<\/div>\n\t\t\t\t\t<div class=\"elementor-container elementor-column-gap-default\">\n\t\t\t\t\t<div class=\"elementor-column elementor-col-100 elementor-top-column elementor-element elementor-element-bdf726c\" data-id=\"bdf726c\" data-element_type=\"column\">\n\t\t\t<div class=\"elementor-widget-wrap elementor-element-populated\">\n\t\t\t\t\t\t<div class=\"elementor-element elementor-element-fcee8af elementor-widget elementor-widget-heading\" data-id=\"fcee8af\" data-element_type=\"widget\" data-widget_type=\"heading.default\">\n\t\t\t\t<div class=\"elementor-widget-container\">\n\t\t\t\t\t<h1 class=\"elementor-heading-title elementor-size-default\">LITURGIA \/ S\u0141U\u017bBA BO\u017bA<\/h1>\t\t\t\t<\/div>\n\t\t\t\t<\/div>\n\t\t\t\t\t<\/div>\n\t\t<\/div>\n\t\t\t\t\t<\/div>\n\t\t<\/section>\n\t\t\t\t<section class=\"elementor-section elementor-top-section elementor-element elementor-element-db185a3 elementor-section-boxed elementor-section-height-default elementor-section-height-default\" data-id=\"db185a3\" data-element_type=\"section\">\n\t\t\t\t\t\t<div class=\"elementor-container elementor-column-gap-default\">\n\t\t\t\t\t<div class=\"elementor-column elementor-col-100 elementor-top-column elementor-element elementor-element-b6a4d31\" data-id=\"b6a4d31\" data-element_type=\"column\">\n\t\t\t<div class=\"elementor-widget-wrap elementor-element-populated\">\n\t\t\t\t\t\t<div class=\"elementor-element elementor-element-c3c8095 elementor-widget__width-initial elementor-widget elementor-widget-text-editor\" data-id=\"c3c8095\" data-element_type=\"widget\" data-widget_type=\"text-editor.default\">\n\t\t\t\t<div class=\"elementor-widget-container\">\n\t\t\t\t\t\t\t\t\t<p style=\"text-align: center;\">\u00a0<\/p><p style=\"text-align: center;\"><em><span style=\"text-decoration: underline;\">W niedziele i uroczysto\u015bci<\/span>:<\/em><\/p><p style=\"text-align: center;\"><strong>Msze \u015bwi\u0119te o 6.30, 8.00, 9.30, 11.15, 15.30<\/strong><\/p><p style=\"text-align: center;\"><strong>w sobot\u0119 \/ wigili\u0119 uroczysto\u015bci o 18.00<\/strong><\/p><p style=\"text-align: center;\"><em>Nieszpory niedzielne o 15.00<\/em><\/p>\t\t\t\t\t\t\t\t<\/div>\n\t\t\t\t<\/div>\n\t\t\t\t<div class=\"elementor-element elementor-element-cc9e540 elementor-widget-divider--view-line elementor-widget elementor-widget-divider\" data-id=\"cc9e540\" data-element_type=\"widget\" data-widget_type=\"divider.default\">\n\t\t\t\t<div class=\"elementor-widget-container\">\n\t\t\t\t\t\t\t<div class=\"elementor-divider\">\n\t\t\t<span class=\"elementor-divider-separator\">\n\t\t\t\t\t\t<\/span>\n\t\t<\/div>\n\t\t\t\t\t\t<\/div>\n\t\t\t\t<\/div>\n\t\t\t\t<div class=\"elementor-element elementor-element-731af7d elementor-widget elementor-widget-text-editor\" data-id=\"731af7d\" data-element_type=\"widget\" data-widget_type=\"text-editor.default\">\n\t\t\t\t<div class=\"elementor-widget-container\">\n\t\t\t\t\t\t\t\t\t<p style=\"text-align: center;\">\u00a0<\/p><p style=\"text-align: center;\"><em><span style=\"text-decoration: underline;\">W tygodniu<\/span>:<\/em><\/p><p style=\"text-align: center;\"><em>Jutrznia o 7.15 (bez \u015brody)<\/em><\/p><p style=\"text-align: center;\"><strong>Msze \u015bwi\u0119te o 8.00 oraz o 18.00<\/strong><\/p><p style=\"text-align: center;\">Msza szkolna\u00a0<strong>w pi\u0105tki o 16.30<\/strong><\/p>\t\t\t\t\t\t\t\t<\/div>\n\t\t\t\t<\/div>\n\t\t\t\t\t<\/div>\n\t\t<\/div>\n\t\t\t\t\t<\/div>\n\t\t<\/section>\n\t\t\t\t<\/div>\n\t\t","protected":false},"excerpt":{"rendered":"<p>LITURGIA \/ S\u0141U\u017bBA BO\u017bA \u00a0 W niedziele i uroczysto\u015bci: Msze \u015bwi\u0119te o 6.30, 8.00, 9.30, 11.15, 15.30 w sobot\u0119 \/ wigili\u0119 uroczysto\u015bci o 18.00 Nieszpory niedzielne o 15.00 \u00a0 W tygodniu: Jutrznia o 7.15 (bez \u015brody) Msze \u015bwi\u0119te o 8.00 oraz o 18.00 Msza szkolna\u00a0w pi\u0105tki o 16.30<\/p>\n","protected":false},"author":1,"featured_media":0,"parent":0,"menu_order":0,"comment_status":"closed","ping_status":"closed","template":"","meta":{"_uag_custom_page_level_css":"","site-sidebar-layout":"no-sidebar","site-content-layout":"page-builder","ast-site-content-layout":"default","site-content-style":"default","site-sidebar-style":"default","ast-global-header-display":"","ast-banner-title-visibility":"","ast-main-header-display":"","ast-hfb-above-header-display":"","ast-hfb-below-header-display":"","ast-hfb-mobile-header-display":"","site-post-title":"disabled","ast-breadcrumbs-content":"","ast-featured-img":"disabled","footer-sml-layout":"","ast-disable-related-posts":"","theme-transparent-header-meta":"","adv-header-id-meta":"","stick-header-meta":"","header-above-stick-meta":"","header-main-stick-meta":"","header-below-stick-meta":"","astra-migrate-meta-layouts":"default","ast-page-background-enabled":"default","ast-page-background-meta":{"desktop":{"background-color":"","background-image":"","background-repeat":"repeat","background-position":"center center","background-size":"auto","background-attachment":"scroll","background-type":"","background-media":"","overlay-type":"","overlay-color":"","overlay-opacity":"","overlay-gradient":""},"tablet":{"background-color":"","background-image":"","background-repeat":"repeat","background-position":"center center","background-size":"auto","background-attachment":"scroll","background-type":"","background-media":"","overlay-type":"","overlay-color":"","overlay-opacity":"","overlay-gradient":""},"mobile":{"background-color":"","background-image":"","background-repeat":"repeat","background-position":"center center","background-size":"auto","background-attachment":"scroll","background-type":"","background-media":"","overlay-type":"","overlay-color":"","overlay-opacity":"","overlay-gradient":""}},"ast-content-background-meta":{"desktop":{"background-color":"var(--ast-global-color-5)","background-image":"","background-repeat":"repeat","background-position":"center center","background-size":"auto","background-attachment":"scroll","background-type":"","background-media":"","overlay-type":"","overlay-color":"","overlay-opacity":"","overlay-gradient":""},"tablet":{"background-color":"var(--ast-global-color-5)","background-image":"","background-repeat":"repeat","background-position":"center center","background-size":"auto","background-attachment":"scroll","background-type":"","background-media":"","overlay-type":"","overlay-color":"","overlay-opacity":"","overlay-gradient":""},"mobile":{"background-color":"var(--ast-global-color-5)","background-image":"","background-repeat":"repeat","background-position":"center center","background-size":"auto","background-attachment":"scroll","background-type":"","background-media":"","overlay-type":"","overlay-color":"","overlay-opacity":"","overlay-gradient":""}},"footnotes":""},"uagb_featured_image_src":{"full":false,"thumbnail":false,"medium":false,"medium_large":false,"large":false,"1536x1536":false,"2048x2048":false},"uagb_author_info":{"display_name":"admin","author_link":"https:\/\/www.parafiabrzezinka.eu\/test3\/author\/admin\/"},"uagb_comment_info":0,"uagb_excerpt":"LITURGIA \/ S\u0141U\u017bBA BO\u017bA \u00a0 W niedziele i uroczysto\u015bci: Msze \u015bwi\u0119te o 6.30, 8.00, 9.30, 11.15, 15.30 w sobot\u0119 \/ wigili\u0119 uroczysto\u015bci o 18.00 Nieszpory niedzielne o 15.00 \u00a0 W tygodniu: Jutrznia o 7.15 (bez \u015brody) Msze \u015bwi\u0119te o 8.00 oraz o 18.00 Msza szkolna\u00a0w pi\u0105tki o 16.30","_links":{"self":[{"href":"https:\/\/www.parafiabrzezinka.eu\/test3\/wp-json\/wp\/v2\/pages\/2358"}],"collection":[{"href":"https:\/\/www.parafiabrzezinka.eu\/test3\/wp-json\/wp\/v2\/pages"}],"about":[{"href":"https:\/\/www.parafiabrzezinka.eu\/test3\/wp-json\/wp\/v2\/types\/page"}],"author":[{"embeddable":true,"href":"https:\/\/www.parafiabrzezinka.eu\/test3\/wp-json\/wp\/v2\/users\/1"}],"replies":[{"embeddable":true,"href":"https:\/\/www.parafiabrzezinka.eu\/test3\/wp-json\/wp\/v2\/comments?post=2358"}],"version-history":[{"count":16,"href":"https:\/\/www.parafiabrzezinka.eu\/test3\/wp-json\/wp\/v2\/pages\/2358\/revisions"}],"predecessor-version":[{"id":2589,"href":"https:\/\/www.parafiabrzezinka.eu\/test3\/wp-json\/wp\/v2\/pages\/2358\/revisions\/2589"}],"wp:attachment":[{"href":"https:\/\/www.parafiabrzezinka.eu\/test3\/wp-json\/wp\/v2\/media?parent=2358"}],"curies":[{"name":"wp","href":"https:\/\/api.w.org\/{rel}","templated":true}]}}

Liturgia / Służba Boża

<div data-elementor-type="wp-page" data-elementor-id="2358" class="elementor elementor-2358">
						<section class="elementor-section elementor-top-section elementor-element elementor-element-3d2ac44 elementor-section-content-middle elementor-section-boxed elementor-section-height-default elementor-section-height-default" data-id="3d2ac44" data-element_type="section" data-settings="{&quot;background_background&quot;:&quot;classic&quot;,&quot;shape_divider_bottom&quot;:&quot;waves&quot;}">
							<div class="elementor-background-overlay"></div>
						<div class="elementor-shape elementor-shape-bottom" data-negative="false">
			<svg xmlns="http://www.w3.org/2000/svg" viewBox="0 0 1000 100" preserveAspectRatio="none">
	<path class="elementor-shape-fill" d="M421.9,6.5c22.6-2.5,51.5,0.4,75.5,5.3c23.6,4.9,70.9,23.5,100.5,35.7c75.8,32.2,133.7,44.5,192.6,49.7
	c23.6,2.1,48.7,3.5,103.4-2.5c54.7-6,106.2-25.6,106.2-25.6V0H0v30.3c0,0,72,32.6,158.4,30.5c39.2-0.7,92.8-6.7,134-22.4
	c21.2-8.1,52.2-18.2,79.7-24.2C399.3,7.9,411.6,7.5,421.9,6.5z"/>
</svg>		</div>
					<div class="elementor-container elementor-column-gap-default">
					<div class="elementor-column elementor-col-100 elementor-top-column elementor-element elementor-element-bdf726c" data-id="bdf726c" data-element_type="column">
			<div class="elementor-widget-wrap elementor-element-populated">
						<div class="elementor-element elementor-element-fcee8af elementor-widget elementor-widget-heading" data-id="fcee8af" data-element_type="widget" data-widget_type="heading.default">
				<div class="elementor-widget-container">
					<h1 class="elementor-heading-title elementor-size-default">LITURGIA / SŁUŻBA BOŻA</h1>				</div>
				</div>
					</div>
		</div>
					</div>
		</section>
				<section class="elementor-section elementor-top-section elementor-element elementor-element-db185a3 elementor-section-boxed elementor-section-height-default elementor-section-height-default" data-id="db185a3" data-element_type="section">
						<div class="elementor-container elementor-column-gap-default">
					<div class="elementor-column elementor-col-100 elementor-top-column elementor-element elementor-element-b6a4d31" data-id="b6a4d31" data-element_type="column">
			<div class="elementor-widget-wrap elementor-element-populated">
						<div class="elementor-element elementor-element-c3c8095 elementor-widget__width-initial elementor-widget elementor-widget-text-editor" data-id="c3c8095" data-element_type="widget" data-widget_type="text-editor.default">
				<div class="elementor-widget-container">
									<p style="text-align: center;"> </p><p style="text-align: center;"><em><span style="text-decoration: underline;">W niedziele i uroczystości</span>:</em></p><p style="text-align: center;"><strong>Msze święte o 6.30, 8.00, 9.30, 11.15, 15.30</strong></p><p style="text-align: center;"><strong>w sobotę / wigilię uroczystości o 18.00</strong></p><p style="text-align: center;"><em>Nieszpory niedzielne o 15.00</em></p>								</div>
				</div>
				<div class="elementor-element elementor-element-cc9e540 elementor-widget-divider--view-line elementor-widget elementor-widget-divider" data-id="cc9e540" data-element_type="widget" data-widget_type="divider.default">
				<div class="elementor-widget-container">
							<div class="elementor-divider">
			<span class="elementor-divider-separator">
						</span>
		</div>
						</div>
				</div>
				<div class="elementor-element elementor-element-731af7d elementor-widget elementor-widget-text-editor" data-id="731af7d" data-element_type="widget" data-widget_type="text-editor.default">
				<div class="elementor-widget-container">
									<p style="text-align: center;"> </p><p style="text-align: center;"><em><span style="text-decoration: underline;">W tygodniu</span>:</em></p><p style="text-align: center;"><em>Jutrznia o 7.15 (bez środy)</em></p><p style="text-align: center;"><strong>Msze święte o 8.00 oraz o 18.00</strong></p><p style="text-align: center;">Msza szkolna <strong>w piątki o 16.30</strong></p>								</div>
				</div>
					</div>
		</div>
					</div>
		</section>
				</div>

<p>LITURGIA / SŁUŻBA BOŻA   W niedziele i uroczystości: Msze święte o 6.30, 8.00, 9.30, 11.15, 15.30 w sobotę / wigilię uroczystości o 18.00 Nieszpory niedzielne o 15.00   W tygodniu: Jutrznia o 7.15 (bez środy) Msze święte o 8.00 oraz o 18.00 Msza szkolna w piątki o 16.30</p>

LITURGIA / SŁUŻBA BOŻA   W niedziele i uroczystości: Msze święte o 6.30, 8.00, 9.30, 11.15, 15.30 w sobotę / wigilię uroczystości o 18.00 Nieszpory niedzielne o 15.00   W tygodniu: Jutrznia o 7.15 (bez środy) Msze święte o 8.00 oraz o 18.00 Msza szkolna w piątki o 16.30
